e 5, what is 141 - 2?
134
In base 2, what is -10101111 - -1?
-10101110
In base 14, what is 0 + 2b7?
2b7
In base 16, what is -2 + -6?
-8
In base 2, what is 11001 + 1?
11010
In base 8, what is 22 + -4?
16
In base 5, what is 1 + 220?
221
In base 14, what is -5 - 1b2?
-1b7
In base 16, what is 16c2 - 3?
16bf
In base 5, what is 2 + 102?
104
In base 13, what is 47 + -83?
-39
In base 9, what is 1 + -1031?
-1030
In base 3, what is 202001 - 2?
201222
In base 14, what is 5 + db?
102
In base 4, what is 2 + -13011?
-13003
In base 11, what is 3 + -982?
-97a
In base 10, what is -346 + 2?
-344
In base 2, what is -1100 + -101?
-10001
In base 13, what is 0 + 7?
7
In base 16, what is -1 + 64?
63
In base 14, what is 4a + 2?
4c
In base 13, what is -3 - -41c?
419
In base 7, what is 5 - 625?
-620
In base 9, what is -1 - -7?
6
In base 15, what is d - 34?
-26
In base 10, what is -776 + 5?
-771
In base 14, what is 2 + 314?
316
In base 16, what is -14 - 29?
-3d
In base 9, what is -11 + -62?
-73
In base 14, what is 1141 + 1?
1142
In base 3, what is 10 - 1211?
-1201
In base 10, what is 5 + 6?
11
In base 16, what is 3d - a?
33
In base 6, what is 52 + 203?
255
In base 4, what is -10 - -1023?
1013
In base 10, what is 5 + -203?
-198
In base 3, what is -11200021 - 1?
-11200022
In base 6, what is -10 + -35?
-45
In base 4, what is 10 + 100333?
101003
In base 13, what is 8 + -43?
-38
In base 11, what is -480 + 4?
-477
In base 14, what is -26 - 23?
-49
In base 3, what is 1 + -2020020?
-2020012
In base 2, what is 1111001111 + -1?
1111001110
In base 16, what is -ca + f?
-bb
In base 8, what is -32 - -1?
-31
In base 3, what is -111121 + -11?
-111202
In base 2, what is -10 + -1000100110?
-1000101000
In base 14, what is 3 + 9d?
a2
In base 11, what is -1 + -10?
-11
In base 13, what is -6aa + -5?
-6b2
In base 13, what is 0 + b7?
b7
In base 9, what is 3 + 25?
28
In base 7, what is 314 - -1?
315
In base 5, what is -44 + -232?
-331
In base 4, what is 2230 - -10?
2300
In base 6, what is -14 - -3?
-11
In base 9, what is -265 + -16?
-282
In base 9, what is 5 + 20?
25
In base 3, what is 102021 + 102?
102200
In base 2, what is 1001100 + 1011?
1010111
In base 13, what is 2 + 521?
523
In base 2, what is -110001 - 1011?
-111100
In base 4, what is 233 - 10203?
-3310
In base 15, what is -195 - 2?
-197
In base 4, what is 11333 - -10?
12003
In base 14, what is -876 + 1?
-875
In base 10, what is 22 - 13?
9
In base 14, what is 1 + -3?
-2
In base 4, what is -1010 + -1?
-1011
In base 3, what is 12 + -12201121?
-12201102
In base 11, what is 1820 + -5?
1816
In base 15, what is -13b - -8?
-133
In base 6, what is -4 + -21343?
-21351
In base 14, what is 63 + -c?
55
In base 12, what is 1110 - 0?
1110
In base 12, what is 1333 + -5?
132a
In base 4, what is -22 - 1303?
-1331
In base 16, what is 1f + -21?
-2
In base 9, what is 11 - 311?
-300
In base 13, what is 7 + 20?
27
In base 10, what is -124 + 5?
-119
In base 9, what is 607 - -1?
608
In base 14, what is 0 - a5d?
-a5d
In base 7, what is 432 + 4?
436
In base 6, what is 1333 - 0?
1333
In base 8, what is 0 - 47?
-47
In base 8, what is 154 - 2?
152
In base 12, what is -3b - 2?
-41
In base 2, what is -1101101 + 100?
-1101001
In base 11, what is 88 - -4a?
127
In base 10, what is 16 - -35?
51
In base 2, what is 111110 + 100001?
1011111
In base 15, what is 2 - 1326?
-1324
In base 15, what is -17 + 0?
-17
In base 13, what is -16 + 3?
-13
In base 10, what is 1378 + -1?
1377
In base 2, what is -11 + -1010101101?
-1010110000
In base 6, what is -121 - 5?
-130
In base 13, what is -9 + -76?
-82
In base 2, what is 11100100100 - -1?
11100100101
In base 14, what is -32d + 0?
-32d
In base 5, what is 4420 + 13?
4433
In base 13, what is 17446 + -3?
17443
In base 14, what is 39 + 0?
39
In base 6, what is 3 + -50?
-43
In base 12, what is 10 + -14?
-4
In base 14, what is -2721 + -5?
-2726
In base 5, what is 33 - 3330?
-3242
In base 13, what is 1 - 49?
-48
In base 13, what is -22 - 8?
-2a
In base 11, what is 19 - 2?
17
In base 15, what is -2692 + 3?
-268e
In base 11, what is 33 - -87?
10a
In base 3, what is 11212101 + 10?
11212111
In base 5, what is -10442 + 3?
-10434
In base 12, what is -1022 - 5?
-1027
In base 12, what is 4 + -b?
-7
In base 10, what is 1253 - -1?
1254
In base 7, what is -4 + -251?
-255
In base 13, what is 876 + 2?
878
In base 16, what is -28 + -ae?
-d6
In base 14, what is 298 + 15?
2ad
In base 8, what is -263 + 2?
-261
In base 6, what is -2240 - 4?
-2244
In base 3, what is 0 - 1110?
-1110
In base 16, what is 5 - -3c?
41
In base 12, what is -2 + 1a3?
1a1
In base 2, what is 1011 - 11000010?
-10110111
In base 5, what is -24031 + -11?
-24042
In base 2, what is -101 - 10001?
-10110
In base 13, what is -1b - 33?
-51
In base 2, what is -1111001 - -1?
-1111000
In base 15, what is 1 + -4?
-3
In base 9, what is -721 - 1?
-722
In base 10, what is 1748 - 6?
1742
In base 6, what is 4 + 312?
320
In base 15, what is 6ab - -6?
6b2
In base 8, what is -4 + -6017?
-6023
In base 16, what is 11 - 5?
c
In base 12, what is -37 - -38?
1
In base 6, what is 12054 + -1?
12053
In base 8, what is -12 - 31?
-43
In base 2, what is -1001101 - 0?
-1001101
In base 7, what is 425 + 12?
440
In base 4, what is -10102 - 3?
-10111
In base 10, what is 0 - -1474?
1474
In base 10, what is -27 + -3?
-30
In base 13, what is -aa + -1a?
-c7
In base 16, what is -23 - -9?
-1a
In base 5, what is -212 - 3?
-220
In base 8, what is 56 + -176?
-120
In base 9, what is 16665 + -2?
16663
In base 5, what is 10 - -41?
101
In base 10, what is 0 + -249?
-249
In base 5, what is 1422 + -2?
1420
In base 4, what is -1003031 + -11?
-1003102
In base 3, what is 1121 - 2221?
-1100
In base 7, what is -14 - -16?
2
In base 3, what is 0 - 102110?
-102110
In base 3, what is -100 + -10000?
-10100
In base 12, what is -5 - -258?
253
In base 2, what is 111000101 - -10?
111000111
In base 13, what is 24c - 0?
24c
In base 6, what is 2122 - 5?
2113
In base 5, what is -242 - 3?
-300
In base 12, what is -114 + 0?
-114
In base 6, what is 12 - -231?
243
In base 16, what is 3 + b7?
ba
In base 10, what is 5 - 179?
-174
In base 10, what is 10 - -4?
14
In base 6, what is -11 + 21?
10
In base 11, what is 8 - a02?
-9a5
In base 7, what is 12 - 14?
-2
In base 9, what is 4 + 1002?
1006
In base 14, what is -4 - 23c?
-242
In base 15, what is 2 + 2ae?
2b1
In base 16, what is 20e - 2?
20c
In base 14, what is -5 + 4?
-1
In base 5, what is -244 - -14?
-230
In base 4, what is 12122 + 30?
12212
In base 9, what is -718 - 17?
-736
In base 11, what is 0 - -674?
674
In base 4, what is 10 + 2310?
2320
In base 3, what is 212101 - -11?
212112
In base 6, what is -4 - -3?
-1
In base 10, what is 1 + 1505?
1506
In base 2, what is 100000111 + 1?
100001000
In base 4, what is 31 - 1020?
-323
In base 11, what is -19 + -17?
-35
In base 12, what is 8a8 + -4?
8a4
In base 2, what is 110111111110 - -10?
111000000000
In base 5, what is 4 + 13143?
13202
In base 15, what is -852 - -7?
-84a
In base 5, what is 14 - -30?
44
In base 3, what is 11111 - -10?
11121
In base 6, what is -1 + -3555?
-4000
In base 15, what is 3 - -248?
24b
In base 12, what is -16 + 59?
43
In base 2, what is 111 - 10010?
-1011
In base 14, what is -37 + 4?
-33
In base 8, what is 0 + 357?
357
In base 10, what is -2 - 1026?
-1028
In base 16, what is 9 - 1c0?
-1b7
In base 7, what is 4 + -1164?
-1160
In base 11, what is 5 + 312?
317
In base 16, what is 125 + 3?
128
In base 3, what is 210200 + -2?
210121
In base 13, what is 2 + -3c?
-3a
In base 2, what is 10000111 - 100?
10000011
In base 8, what is -2 - 16?
-20
In base 8, what is -3 + -312?
-315
In base 3, what is -221 + -1011?
-2002
In base 8, what is 2 - 63?
-61
In base 2, what is -10010 - -11100?
1010
In base 13, what is 76 - -9?
82
In base 5, what is -444 - 104?
-1103
In base 16, what is 21 - -3?
24
In base 11, what is -275 + 0?
-275
In base 14, what is 3 - -49?
4c
In base 9, what is 5 + -7?
-2
In base 11, what is 2 + 20?
22
In base 11, what is -4 - 19?
-22
In base 7, what is -4 + -205?
-212
In base 12, what is 1 - 85?
-84
In base 15, what is 0 + 1a5?
1a5
In base 15, what is 3ba - a?
3b0
In base 16, what is 1 - 107?
-106
In base 8, what is 23 + -33?
-10
In base 16, what is -73 + 1?
-72
In base 15, what is -7d - 0?
-7d
In base 10, what is -615 + 5?
-610
In base 11, wha